hat is the tens digit of y?
3
Suppose -3*j = -5 - 1. What is the tens digit of 12 - (6/j + -3)?
1
Let s(n) = n + 10. Let g be s(-8). Suppose 6*v + g*o = 3*v + 34, v = -4*o + 28. Suppose 0 = 3*b - 16 - v. What is the units digit of b?
8
Let m(g) = 2*g - 3. Suppose 0 = 5*b - 3*w - 50, 2*b + 0*w - 34 = 4*w. What is the tens digit of m(b)?
1
What is the units digit of 89/(2/1 + -1)?
9
Let b be ((-4)/10)/((-3)/630). Let q = b + -60. What is the units digit of q?
4
Let w(i) = 22*i + 5. What is the tens digit of w(2)?
4
What is the units digit of -1*(0 + 2) - -28?
6
Suppose -4*n = n + 25. Let c be n/(-2 - 15/(-9)). Suppose -4*o + 3*x = 1, -5*o + 2*o + c = 3*x. What is the units digit of o?
2
Suppose -2*q = -4*o - 4, 3*q - 2*q - 3*o = 4. What is the units digit of q/10 + (-41)/(-5)?
8
Let u(c) be the second derivative of c**4/24 + c**3 + c**2 + c. Let a(k) be the first derivative of u(k). What is the units digit of a(-4)?
2
Suppose 0 = -2*b - 3*k + 60, 0 = 3*b + 4*k - 21 - 68. Suppose 2*v + b = 5*v. What is the units digit of v?
9
Let u(x) = 2*x**2 - x - 2. Let s(t) = -t**2 + 5*t + 2. Let n be s(5). What is the units digit of u(n)?
4
Let p(j) = -2*j**3 + j**2 + 6*j + 1. What is the units digit of p(-3)?
6
Let f(t) = 7*t - 9. What is the tens digit of f(4)?
1
Let q(u) = 0*u - 1 + 2 + 3 - u. Let g be q(2). Suppose 2*i + 22 = g*t - 6, 0 = 3*i + 3. What is the tens digit of t?
1
Let d be ((-2)/(1 + 0))/(-1). Suppose d*f - 2 = 3*f. Let g(j) = -2*j - 2. What is the units digit of g(f)?
2
Suppose 3*y - 223 = -16. What is the units digit of y?
9
Let d = 66 - 39. Suppose -3*i + d = -2*n, -3*n - 45 = -5*i + 2*n. Let v = i + -6. What is the units digit of v?
3
Suppose 4*r + 13 = -5*f, r - 3*f + 3 = -4*f. Let l = 24 - r. What is the tens digit of l?
2
Suppose 0 = -2*r - 2*r + 224. What is the tens digit of r?
5
Let x(y) = -2*y**3 - 12*y**2 - 6*y + 13. What is the units digit of x(-8)?
7
Suppose -4*p = -6*p - 6, -p = 4*h - 45. Suppose l - h = 2. What is the tens digit of l?
1
Suppose 0 = -5*a - 17 - 3. Let r = a - -9. What is the units digit of r?
5
Suppose t - 25 = 2*t. Let v = t - -35. What is the units digit of v?
0
Let b(j) be the third derivative of -j**4/24 + 2*j**2. Suppose 0 = -4*l + 1 - 13. What is the units digit of b(l)?
3
Suppose -u = 2*v - 5*u + 34, -3*u = -5*v - 64. Let p = v + 22. What is the tens digit of p?
1
Suppose 161 = 12*y - 11*y. What is the units digit of y?
1
Let k = 532 - 264. What is the tens digit of k?
6
Let l(i) = -i + 8. Let k be l(6). Suppose -4*m = -f - 10 - 8, -3*m = -3*f - 9. Suppose -k*z + 4 = -f*w, 5*w - 11 = 14. What is the units digit of z?
7
Let m(d) = -23*d - 24. What is the tens digit of m(-6)?
1
Let p(u) = -u**3 + 6*u**2 - 6*u + 1. Let n(r) = r**3 + 4*r**2 - 7*r - 6. Suppose -3*j - 25 = 2*j. Let d be n(j). What is the units digit of p(d)?
9
Let i(k) = 3*k**2 - 4*k - 26. What is the tens digit of i(6)?
5
Let i(h) = 0*h**3 + h**2 + 0*h - 2*h - 1 + 3*h - 4*h**3. Let k be i(-2). Let m = 46 - k. What is the tens digit of m?
1
Suppose 0 = -5*k + 1062 - 117. What is the hundreds digit of k?
1
Let k(t) = -t**2 + 13*t - 16. Suppose 4*d - 4*r = d + 53, 3*r = -2*d + 7. Let p be k(d). Suppose 6 = 3*q, p*z = 3*z + 2*q + 65. What is the units digit of z?
3
Let l(t) = t**2 - 2*t + 5. Let f(b) = 4*b + 1. Let v be f(2). Let y = v + -5. What is the units digit of l(y)?
3
Let d = 18 - 9. Suppose 2*x - 3*t = x + 7, t = 3*x - 5. Suppose i = x + d. What is the tens digit of i?
1
Suppose -n - w = -25, -n - 2*w = 3*w - 13. What is the tens digit of n?
2
Let b(y) = y**3 + y**2 - y + 3. Suppose 2*i - 5*n - 5 = 0, -5*n + n = -5*i + 4. What is the units digit of b(i)?
3
Let w be -2 + 1 + 32/2. Suppose -9 = -4*r + w. Let n(a) = -a**3 + 6*a**2 + 3. What is the units digit of n(r)?
3
Let g(q) = 68*q**3 + 2*q**2 - q. What is the units digit of g(1)?
9
Let w(j) = -4*j + 3. Let u be w(-3). Suppose 2*r - u = -3*r. Suppose 3*d - 4*p - 30 = -p, 0 = -d + r*p + 14. What is the units digit of d?
8
Suppose 0 = 2*g - 2*k + k - 8, 2*g - 2 = -2*k. What is the units digit of g?
3
Suppose 4*k = 3*b - 28 - 0, -5*b = 0. Let r(f) = f**2 + 5*f - 10. What is the units digit of r(k)?
4
Let m(i) = -i**3 + 7*i**2 + 2*i - 9. Let z be m(7). Suppose x + 6 = 3*v, -x = -4*x + z*v + 2. What is the units digit of x?
9
Suppose 2*j - 483 = -5*j. What is the units digit of j?
9
Let u(w) = w - 3. Let b be u(5). Suppose -3*q + 12 = -b*h + q, -3*q + 9 = 3*h. Suppose 2*i + a + a - 2 = h, -3*a = 6. What is the units digit of i?
3
Suppose -2*n = 5*o - 93, n - 55 + 16 = -o. What is the units digit of n?
4
Suppose 0*c + 27 = 3*c. Let l(a) = -a**3 + 9*a**2 + a - 10. Let t be l(c). What is the tens digit of t/2*(-22 - 2)?
1
Let m be 0 - 2 - (-2)/2. Let x(y) = -17*y**3 + y**2 - 1. What is the tens digit of x(m)?
1
Let q(j) = j**3 + 3*j**2 - 3*j + 2. Let w be q(-4). Let c = 0 - w. What is the units digit of 2/4*c - 0?
1
Suppose 80 = 67*m - 66*m. What is the tens digit of m?
8
Suppose 0 = -9*y + 4*y + 60. What is the units digit of 2/8 - (-57)/y?
5
Let j(n) = -2*n**3 + 7*n**2 - 2*n. What is the units digit of j(3)?
3
Let f be (-16)/(-12)*(-12)/2. What is the tens digit of ((-24)/14)/(f/84)?
1
Suppose 4*f = 21 - 1. Suppose 0*w + f*w = 10. What is the units digit of -4*((-6)/w - -1)?
8
Let a = 29 + -17. What is the tens digit of a?
1
Let n(o) = -o**2 - 12*o - 4. Suppose 2*j + 4 - 2 = -d, 4*d - 5*j + 34 = 0. What is the units digit of n(d)?
2
Let b = 5 - 29. Let n = b - -34. What is the tens digit of n?
1
Suppose 4*y - 7 = 3*m + 4, 0 = -5*m - 2*y + 25. Suppose 2*g - m*g = -13. What is the units digit of g?
3
Let u = 51 - 19. What is the tens digit of u?
3
Let o(s) = -s**2 + 4*s + 1. Let h be o(3). Let l = 0 + h. Suppose -3*q - 5 = -l*q. What is the units digit of q?
5
Let v be (-6)/5*20/(-8). Suppose 0*g - 7 = x - v*g, 0 = -4*x - g - 2. What is the units digit of -4 - -1 - (x - 18)?
6
Let f = -14 - -152. What is the units digit of f?
8
Let f be ((-18)/(-21))/((-1)/(-7)). Let i = -2 + f. Let m(s) = -s + 5. What is the units digit of m(i)?
1
Let f(p) = 75*p - 76*p - 1 + 0. Let y be -5 - (-2)/(-1 + -1). What is the units digit of f(y)?
5
Let u(d) = -d**3 + 6*d**2 - 5*d + 1. What is the units digit of u(5)?
1
Let n = 2 + 2. Let k(z) = 1 + 7*z**2 - z**3 - 2*z**2 - 57*z + 53*z. What is the units digit of k(n)?
1
What is the tens digit of ((-188)/(-6))/((-4)/(-6))?
4
Suppose -6*c = -3*c - 21. Let n = c - 4. What is the units digit of n?
3
Let q(u) = u**2 + 8*u + 4. Let h be q(-6). Suppose c = -6*c + 98. Let v = h + c. What is the units digit of v?
6
Suppose -4*q + 9 = -2*i - 13, 4*q - 4*i = 24. Suppose q*z = -63 + 183. What is the units digit of z?
4
Let d = 4 - 0. Let u(x) = -d - 2 - x**3 + 4. What is the units digit of u(-2)?
6
Suppose 0 = 5*f - 4*n + 6, 5*f - 4*f = -3*n + 14. Suppose -f - 28 = -a. What is the tens digit of a?
3
Suppose -7*c = -2*c. Let n be (-38)/(-9) - 4/18. Suppose c = 2*m - m - n. What is the units digit of m?
4
Suppose 0 = 28*q - 21*q - 1120. What is the tens digit of q?
6
Suppose 3*c + 18 = 3*p, p + 0*p = 3*c + 14. Suppose p*h + 2 = 3*h. Suppose 4*b + h*g - 8 = 0, -4*b - 4*g + 6 = 2. What is the units digit of b?
3
Let d(q) = -q**3 - 3*q**2 - q + 10. What is the units digit of d(-5)?
5
Let m = -2 - -48. Suppose -4*j - 6 - m = -4*q, -5*j - 51 = -4*q. What is the tens digit of q?
1
What is the hundreds digit of (2 + (-7)/1)*(-6153)/105?
2
Let n(w) = -w**3 + 6*w**2 + 2*w - 7. What is the units digit of n(6)?
5
Let h(f) = f**3 + 6*f**2 + 7*f + 6. Let c = -4 - -9. Suppose c = 2*s + 13. What is the tens digit of h(s)?
1
Let h(g) = -5*g - 3. Let s be h(4). Let z = 46 + s. Suppose -19 - z = -3*p. What is the units digit of p?
4
Suppose 0 = z - 2*z + 12. Suppose 4*j + j = -3*l - 63, -4*j + z = 0. Let r = l + 40. What is the tens digit of r?
1
Let f be 1/(1 - 1 - -1). What is the units digit of f - 1*(-40 - -2)?
9
Suppose 3*y - 2*y = 5. Suppose 0 = 4*b + p - 8, 0*b + 5*p = -y*b + 10. What is the units digit of b*-2*(-27)/12?
9
Let s = 50 + -17. What is the units digit of s?
3
Let a = 47 - 28. What is the tens digit of a?
1
Let m be ((-30)/(-8))/(1/(-4)). Let i = -11 - m. Suppose i*o + 4*p + 1 - 9 = 0, 22 = 5*o + p. What is the units digit of o?
5
Suppose -3*y = -h - y + 50, 0 = -3*h - 4*